**3 + 4*h**3 - h**3 + 2*h + 3*h**2. Give b(3).
6
Let s(x) be the third derivative of x**6/120 + x**5/12 + x**4/8 + 25*x**2. Calculate s(-3).
9
Let l(b) = 2 + 2 - 10 + b. Let y = -7 - -7. What is l(y)?
-6
Let i(j) = 4*j**2. Let f(n) = -n**3 + 9*n**2 - 9*n + 7. Let h be f(8). Let x = h - -2. What is i(x)?
4
Let n be 0/2 + 3/36. Let r(b) be the third derivative of b**3 + n*b**4 + 0*b - b**2 + 0. Determine r(-4).
-2
Let v = -23 - -26. Let h(q) = -q + 1. Determine h(v).
-2
Let n(l) = 0*l**3 + 0 + l**3 - 6*l - 10 - 6*l**2 - l**2. What is n(8)?
6
Let f(m) = m**3 - m**2 - m + 6. Suppose -2*g - 3*g + 15 = 0. Let i(j) = -3*j - 1. Let w be i(-2). Suppose k - 5 = -3*p - 1, g*p - w*k + 20 = 0. Determine f(p).
6
Let l(u) = 14*u + 31. Let w(s) = -5*s - 11. Let q(r) = 6*l(r) + 17*w(r). Determine q(1).
-2
Suppose 2*g + 3*g = 10. Let c(s) = -g*s**2 + 3*s - s**3 + 3 - 2*s - 4 + 2. Let j be 3*(-1 - 0 - 0). Calculate c(j).
7
Let v(s) = 2*s - 2 + 2*s + 9 - 5*s. Determine v(6).
1
Let k(b) = 10*b - 1. Let p(x) = x**3 + 6*x**2 - 8. Let c be p(-6). Let r be 2/(7/(28/c)). Give k(r).
-11
Suppose q = 2*q. Let n(d) = 5 - 2*d + 0 + 3*d + 2. What is n(q)?
7
Let n(u) = 2*u - 2. Let r be (-6)/21*(4 + 3). Give n(r).
-6
Let m = 4 - 8. Let n(t) = -2 - 5*t - t**2 - 9 + 11. Calculate n(m).
4
Let d(l) = l**3 - 9*l**2 + 8*l - 2. Let i = -10 + 18. Determine d(i).
-2
Suppose -g + 26 = 4*b - 0*g, 0 = b + 2*g - 10. Let q(r) = r**2 - 2*r - 8. What is q(b)?
16
Let m(c) = -4*c**2 - c - 10. Let b(z) = -z**2 - 3. Let u(i) = 7*b(i) - 2*m(i). Suppose 0 = 2*l + 3*l - 20. Let o be (-14)/4 - (-6)/l. Give u(o).
-1
Let s(f) = -f**2 - 9*f + 2. Let d be s(-9). Let q(b) = -b**2 + 2*b + 2. Determine q(d).
2
Let b = -4 - -4. Let j(k) = -k**2 + k + 2. Let f(d) = -3*d**2 + 3*d + 4. Let z(h) = -2*f(h) + 5*j(h). Determine z(b).
2
Let k(r) be the third derivative of 17*r**5/60 - 10*r**2. What is k(1)?
17
Let m(b) = -4 + 2*b + 4 - 4. Let c = -6 + 10. Suppose 0*j + c = j. Calculate m(j).
4
Let s(i) be the second derivative of i**5/20 + i**4/3 + i**3/6 - i**2 - 8*i. Let x(a) = a**2 - 7*a + 7. Let q be x(5). What is s(q)?
4
Let m(q) = 5*q**3 - q**2 - 7*q + 2. Let l(w) = -2*w**3 + 3*w - 1. Let j(y) = -7*l(y) - 3*m(y). What is j(2)?
5
Let l(y) = -y**3 - y**2 - 2*y - 1. Let m be (-2)/3*3*-2. Suppose -2*k - t - 6 = 0, t = -0*t - m. What is l(k)?
1
Let o = -3 + 2. Let w be 3 - ((o - -1) + -1). Let i(d) be the second derivative of -d**3/3 - d**2/2 - 55*d. What is i(w)?
-9
Let q = -2 + 7. Suppose 38 = 3*o + 2*y - 6*y, -q*o + 10 = 4*y. Let v(z) = -z**2 + 4*z + 4. Determine v(o).
-8
Let q(x) = x**3 + 6*x**2 + 8*x + 7. Let i(h) = -h**2 + 11*h + 7. Let j be i(12). Determine q(j).
-8
Suppose 2*h - 7*h = -25. Let y(u) = -4*u**2 - 3 - 14*u**2 + 17*u**2 + 3*u. What is y(h)?
-13
Let u be (-6)/(-20)*2 - (-280)/(-50). Let h(n) be the second derivative of 1/2*n**2 + n**3 + 1/12*n**4 - n + 0. Give h(u).
-4
Let c(o) = -o**2 + 3*o + 3. Let m(v) = -v. Let l(h) = c(h) + 6*m(h). Suppose 4*a + g = -1 - 6, 4 = -3*a - g. What is l(a)?
3
Let w = 21 - 15. Suppose 3*l - 3 - w = 0. Let o be 1*0/l - 0. Let k(g) = g + 9. Calculate k(o).
9
Suppose 3*w + 0*y = 2*y + 25, -5*w = -3*y - 41. Let q(v) = 3*v + 0*v - w*v**2 + 6*v**2 - 4. Determine q(3).
-4
Suppose 1 = -i + 4. Suppose -w - 3 = -2*y, -y - y + 15 = i*w. Suppose -w = r - 3*t - 0, r + 3 = 2*t. Let c(k) = -k**2 - 3*k - 3. Calculate c(r).
-3
Let o = -14 - -13. Let f(m) = 5*m**2 - m - 1. Let y be f(o). Let c(u) = -u**3 + 6*u**2 - 7*u + 7. Calculate c(y).
-3
Let t(n) = -n + 1. Let j be t(-3). Let i be ((-5)/4)/(1/j). Let o(v) be the third derivative of -v**5/60 - v**4/8 + v**3/6 - 2*v**2. Calculate o(i).
-9
Suppose -5*o + 15 = 5*x, -o - 3*x - 7 = -2*o. Suppose o*j - 2*j = -z - 15, 3*j + 3 = 0. Let h be z/(-5) + (-2)/(-5). Let l(g) = -g**2 + 4*g + 2. Determine l(h).
5
Let z(h) = h - 10. Let u(a) be the third derivative of a**4/24 - 4*a**3/3 - 5*a**2. Let q be u(8). What is z(q)?
-10
Let p(q) = -2 - 3*q - 1 - 2. What is p(-4)?
7
Let j(s) be the third derivative of -s**6/120 + 7*s**5/60 + s**4/24 - 4*s**3/3 - 11*s**2. Determine j(7).
-1
Let d(m) = 2*m**3 + m**2 + m - 8. Let v be d(0). Let g(t) = t**3 + 9*t**2 - 2*t**2 - 10*t - 9 - 1. What is g(v)?
6
Let z(i) = -16*i**2 - 2*i - 4. Let t(r) = 33*r**2 + 4*r + 9. Let f(h) = -3*t(h) - 7*z(h). Suppose 0 = -v - 3*y + 11, 0*v + 4*y - 18 = 2*v. Calculate f(v).
12
Let q(o) be the third derivative of o**6/120 - 2*o**5/15 + 3*o**4/8 - 3*o**3/2 - 17*o**2. Calculate q(6).
-27
Suppose 6 + 0 = 2*h - r, 4*h - 5*r = 12. Let a(x) = -x**2 + 5*x - 3. Let o be a(h). Let z(l) = -l**3 + 2*l**2 + 5*l - 3. Determine z(o).
3
Let l(b) = -2*b**3 - 3*b + 4. Let s(a) = -3*a**3 - 2*a + 3. Let n(h) = 4*l(h) - 5*s(h). Let j = -1 + 1. Suppose j = 4*w - 4 - 0. Give n(w).
6
Let f = 13 + -14. Let y be (2 - (f - -3))/(-2). Let t(c) = c**3 - c**2. Calculate t(y).
0
Suppose 21*n = 3*n + 90. Let i(r) = 0*r + 6 + 1 - 4*r + 3*r. Determine i(n).
2
Suppose 0*l + 32 = 2*l. Suppose 0*p - 5*p + 5*h - 10 = 0, 0 = -4*h + l. Let n(y) = 5*y - 5*y + y**p - 1 - 4*y. Determine n(5).
4
Let j(a) = -11*a + 2. Let c(y) = -9*y + 2. Let w(s) = 5*c(s) - 4*j(s). Let x = 1 + -4. Let f be (-1)/(x/(1 + 2)). What is w(f)?
1
Let i(g) = g**2 - 5 + 4 - 1. Suppose 3*d + 21 = -o + 6*o, o - 5 = d. Calculate i(o).
7
Let b(y) = y**2 + y - 8. Let q be b(0). Let a be (-8 - q) + -3*1. Let v(n) = n**3 + 3*n**2 + n + 3. Give v(a).
0
Let s(o) be the first derivative of -1/4*o**4 - 3 + 1/2*o**2 + 0*o**3 - 5*o. What is s(0)?
-5
Let x(p) = 2*p**3 - 1 + 6*p**2 - 6*p**2 + 2*p. Suppose z + 4*z = -s - 4, s - 2 = z. What is x(s)?
3
Let m(y) = 2958 - y + 2*y - 2950. What is m(-7)?
1
Let y(s) be the third derivative of -s**6/60 + s**5/15 - s**4/12 - s**3/6 + 21*s**2. Determine y(2).
-5
Let d be 5/10 + (-1)/2. Let x(n) = n**2 + n + 5. Give x(d).
5
Let m(z) = z**2. Let u be m(-2). Let s(h) be the second derivative of h**4/24 + h**3/6 + h**2/2 - 3*h. Let g(i) be the first derivative of s(i). Give g(u).
5
Let o(k) = -2*k - 2*k + k**2 + 0*k**2 + 3*k. Calculate o(3).
6
Let r(s) = s**3 - 6*s**2 - 5. Let g be r(6). Let i = g - 0. Let l(c) be the third derivative of -c**5/60 - 5*c**4/24 + c**3 - c**2. Calculate l(i).
6
Let p(b) = -b**2 - 1. Let y(l) = 7*l**2 + l + 8. Let m(g) = -6*p(g) - y(g). What is m(-4)?
-14
Suppose -4*z - 22 = -2. Let o(j) = 4*j - 9*j**3 - 9*j**3 + 6*j**2 + 3 - 8*j**3 + 27*j**3. Determine o(z).
8
Let r = -7 + 8. Let w(p) = -r - 2 - 3 + 3 + p. Suppose 2*x - 7 + 17 = 0. What is w(x)?
-8
Let i(g) = -g + 1. Let s(p) = 2*p**2 + 4*p + 1. Let f be s(-4). Suppose -15 = 3*h, f = -4*u - 0*h - 5*h. Determine i(u).
-1
Let s(d) = -2*d**3 - 4*d**2 - 4*d - 2. Let h be s(-2). Suppose -u + h*u = 25. Let a(t) = 2*t - 3 - 6 + 2 + t. Calculate a(u).
8
Let b(o) be the first derivative of -1/4*o**4 + 2 - o + 2*o**3 + o**2. Calculate b(6).
11
Let c(z) be the second derivative of z**4/12 + 3*z**3/2 + 4*z**2 - 5*z - 1. What is c(-7)?
-6
Let x(i) be the second derivative of 5*i**2 - 10*i + 0 - 1/20*i**5 + 0*i**4 - 1/6*i**3. Determine x(0).
10
Let v(c) = -c**2 + 3*c + 1. Let h(k) = k**2 - 4*k - 2. Let p(i) = 3*h(i) + 4*v(i). Determine p(-2).
-6
Let a(f) = f - 9. Let p be a(4). Let w(j) = -1. Let g(q) = q + 14. Suppose -4*z + 3*r - 36 = 0, 5*z - 2*r + 46 = 2*r. Let l(u) = z*w(u) - g(u). Calculate l(p).
-3
Let c(g) = 3*g - 1. Let l = -23 - -26. What is c(l)?
8
Let l be (-132)/21 - (-2)/7. Let x(m) = 25*m + 3*m**2 - 20*m + 2*m**2 - 2 - 4*m**2. What is x(l)?
4
Let k(b) be the second derivative of b**5/20 - 7*b**4/12 + 5*b**3/6 - b**2 - 24*b. Give k(6).
-8
Let q(n) = -n + 4. Let w be q(3). Suppose w = g + 4. Let f(s) = s**2 - 2 - 2*s**2 + 6 - 2*s. Calculate f(g).
1
Let m(x) be the second derivative of x**4/12 + x**3/6 - 19*x - 1. What is m(-1)?
0
Let h(i) = -24*i**2 + 1. Suppose 23*a - 3 = 20*a. What is h(a)?
-23
Let z(p) = 5 + p - 3 - 6. Let i(q) = q + 17. Let o be i(-14). Calculate z(o).
-1
Suppose -h + 4*h - 6 = 0. Let i(x) = 0*x - 8*x**2 + 9*x**h - 6 + 2*x. Determine i(-5).
9
Let r(u) be the first derivative of -u**4/4 + 8*u**3/3 - 4*u**2 + 5*u + 21. Give r(7).
-2
Let p(t) = -t**2 + 6*t + 5. Let h(q) = -2*q - 1. Let d(r) = -3*h(r) - p(r). Determine d(3).
7
Let a(s) = -s**2 + 7*s - 6. Let t be a(6). Let h(c) be the second derivative of 2*c + 1/12*c**4